der when 875506 is divided by 1069?
1064
What is the remainder when 191894 is divided by 4568?
38
Calculate the remainder when 4023 is divided by 1005.
3
What is the remainder when 1536568 is divided by 271?
269
What is the remainder when 3265 is divided by 2107?
1158
What is the remainder when 6784 is divided by 6716?
68
Calculate the remainder when 2979 is divided by 694.
203
Calculate the remainder when 11443 is divided by 7.
5
What is the remainder when 222661 is divided by 1674?
19
What is the remainder when 14791 is divided by 9?
4
Calculate the remainder when 195778 is divided by 43.
42
Calculate the remainder when 432733 is divided by 3026.
15
Calculate the remainder when 449678 is divided by 40.
38
What is the remainder when 3845 is divided by 12?
5
Calculate the remainder when 70450 is divided by 363.
28
What is the remainder when 568479 is divided by 608?
607
Calculate the remainder when 9771 is divided by 467.
431
Calculate the remainder when 522 is divided by 308.
214
Calculate the remainder when 488677 is divided by 18795.
7
What is the remainder when 7365 is divided by 220?
105
What is the remainder when 4818 is divided by 798?
30
Calculate the remainder when 12086 is divided by 3528.
1502
What is the remainder when 3384 is divided by 705?
564
Calculate the remainder when 17414 is divided by 137.
15
What is the remainder when 42399 is divided by 114?
105
What is the remainder when 6473 is divided by 715?
38
Calculate the remainder when 20423 is divided by 2268.
11
What is the remainder when 1344607 is divided by 265?
262
What is the remainder when 12529 is divided by 624?
49
What is the remainder when 11967 is divided by 146?
141
Calculate the remainder when 96845 is divided by 50.
45
What is the remainder when 17009 is divided by 5642?
83
Calculate the remainder when 305000 is divided by 89.
86
What is the remainder when 359 is divided by 39?
8
Calculate the remainder when 174675 is divided by 58218.
21
What is the remainder when 1606428 is divided by 68?
64
What is the remainder when 119521 is divided by 683?
679
What is the remainder when 16587 is divided by 173?
152
What is the remainder when 956 is divided by 43?
10
Calculate the remainder when 8941 is divided by 8931.
10
What is the remainder when 1500 is divided by 136?
4
Calculate the remainder when 76176 is divided by 17.
16
What is the remainder when 43841 is divided by 205?
176
What is the remainder when 29201 is divided by 134?
123
What is the remainder when 16066 is divided by 3210?
16
What is the remainder when 4916 is divided by 23?
17
Calculate the remainder when 5856 is divided by 173.
147
Calculate the remainder when 158858 is divided by 83.
79
Calculate the remainder when 7078 is divided by 1415.
3
Calculate the remainder when 5178 is divided by 859.
24
What is the remainder when 30741 is divided by 2794?
7
What is the remainder when 737 is divided by 412?
325
Calculate the remainder when 2575 is divided by 16.
15
Calculate the remainder when 48184 is divided by 48178.
6
Calculate the remainder when 19480 is divided by 6404.
268
Calculate the remainder when 3227 is divided by 184.
99
What is the remainder when 269155 is divided by 56?
19
What is the remainder when 1041 is divided by 537?
504
Calculate the remainder when 500369 is divided by 113.
5
Calculate the remainder when 2143 is divided by 999.
145
What is the remainder when 3177520 is divided by 513?
511
What is the remainder when 1527 is divided by 76?
7
What is the remainder when 15547 is divided by 3108?
7
Calculate the remainder when 212349 is divided by 121.
115
Calculate the remainder when 120022 is divided by 133.
56
Calculate the remainder when 717249 is divided by 55.
49
Calculate the remainder when 4257 is divided by 806.
227
What is the remainder when 28776 is divided by 7193?
4
Calculate the remainder when 8492 is divided by 19.
18
Calculate the remainder when 13641 is divided by 1136.
9
What is the remainder when 6853 is divided by 2281?
10
Calculate the remainder when 2685 is divided by 45.
30
Calculate the remainder when 19607 is divided by 43.
42
What is the remainder when 2111 is divided by 665?
116
What is the remainder when 13954 is divided by 571?
250
What is the remainder when 383926 is divided by 1684?
1658
What is the remainder when 6871 is divided by 659?
281
What is the remainder when 626 is divided by 164?
134
Calculate the remainder when 3559730 is divided by 54.
50
Calculate the remainder when 119868 is divided by 4.
0
Calculate the remainder when 36930 is divided by 324.
318
Calculate the remainder when 1141 is divided by 144.
133
Calculate the remainder when 580 is divided by 189.
13
What is the remainder when 46321 is divided by 71?
29
What is the remainder when 67147 is divided by 16779?
31
Calculate the remainder when 1851 is divided by 69.
57
Calculate the remainder when 15445 is divided by 3088.
5
Calculate the remainder when 2567 is divided by 1474.
1093
What is the remainder when 4869 is divided by 484?
29
Calculate the remainder when 9453 is divided by 378.
3
Calculate the remainder when 9888 is divided by 1977.
3
Calculate the remainder when 87700 is divided by 1415.
1385
What is the remainder when 3694 is divided by 74?
68
What is the remainder when 148044 is divided by 159?
15
Calculate the remainder when 1854 is divided by 926.
2
What is the remainder when 13845 is divided by 634?
531
What is the remainder when 61686 is divided by 291?
285
What is the remainder when 43009 is divided by 134?
129
What is the remainder when 140 is divided by 131?
9
Calculate the remainder when 97270 is divided by 11.
8
Calculate the remainder when 13668 is divided by 289.
85
Calculate the remainder when 2032 is divided by 994.
44
Calculate the remainder when 42538 is divided by 1849.
11
What is the remainder when 72181 is divided by 34?
33
What is the remainder when 105417 is divided by 203?
60
Calculate the remainder when 8734 is divided by 122.
72
Calculate the remainder when 11580 is divided by 29.
9
Calculate the remainder when 17298 is divided by 82.
78
What is the remainder when 637945 is divided by 448?
441
Calculate the remainder when 1299736 is divided by 65.
61
What is the remainder when 3801 is divided by 1223?
132
Calculate the remainder when 10314 is divided by 212.
138
What is the remainder when 9204 is divided by 15?
9
What is the remainder when 288260 is divided by 8?
4
What is the remainder when 67871 is divided by 606?
605
Calculate the remainder when 313325 is divided by 103.
102
What is the remainder when 45522 is divided by 59?
33
What is the remainder when 20603 is divided by 327?
2
What is the remainder when 35222 is divided by 329?
19
Calculate the remainder when 1228 is divided by 347.
187
Calculate the remainder when 13351 is divided by 459.
40
Calculate the remainder when 7455 is divided by 7352.
103
Calculate the remainder when 1887 is divided by 438.
135
Calculate the remainder when 75414 is divided by 618.
18
What is the remainder when 18761 is divided by 29?
27
Calculate the remainder when 15336 is divided by 701.
615
Calculate the remainder when 2274 is divided by 718.
120
Calculate the remainder when 20787 is divided by 69.
18
Calculate the remainder when 33057 is divided by 309.
303
Calculate the remainder when 74148 is divided by 452.
20
What is the remainder when 324858 is divided by 34?
22
What is the remainder when 5639 is divided by 2785?
69
Calculate the remainder when 332026 is divided by 207.
205
Calculate the remainder when 16127 is divided by 288.
287
Calculate the remainder when 31919 is divided by 3190.
19
What is the remainder when 98361 is divided by 19?
17
Calculate the remainder when 455594 is divided by 272.
266
Calculate the remainder when 298535 is divided by 42.
41
What is the remainder when 64364 is divided by 21453?
5
What is the remainder when 407080 is divided by 135689?
13
Calculate the remainder when 1084 is divided by 570.
514
What is the remainder when 10123 is divided by 2021?
18
Calculate the remainder when 703 is divided by 380.
323
What is the remainder when 20350 is divided by 1580?
1390
What is the remainder when 14450 is divided by 97?
94
Calculate the remainder when 10931 is divided by 38.
25
Calculate the re